/20*-2)/(11/j). Let n(u) = u**2 - 4*u + 5. Give n(t).
17
Let g be (-10)/4*(-66)/55. Suppose 3*l - 2*o - 25 = 26, g*o - 66 = -5*l. Let c(m) = 2*m + 7*m**2 + 0 - m**2 + 1 - l*m**2. Determine c(-1).
-10
Let w(b) = -3*b + 5*b + 0 - 10*b**3 - 13 - 17*b**2 - 4*b**3. Let y(l) = 7*l**3 + 8*l**2 - l + 6. Let h(m) = 6*w(m) + 13*y(m). Give h(1).
8
Let t(i) = i**3 + i**2 + 2*i + 3. Let m be t(-2). Suppose 0 = -y - y + 5*q - 3, -4*y + 33 = 3*q. Let g(v) = -2*v + v**2 - 2 - y*v - 5 - 2*v**2. What is g(m)?
8
Let h(c) = 2*c. Let g be h(1). Suppose -g*p - 4*b - 14 = 0, 0 = -p - 4*p - 5*b - 20. Let v(l) be the second derivative of -l**3/3 + l**2/2 + 27*l. What is v(p)?
3
Let d(c) be the second derivative of -c**3/2 - 3*c**2/2 - 123*c. Let g = 6 - 8. Calculate d(g).
3
Let g = 957 + -955. Let x(q) = -3 + 1 + 0 + 2*q**2. Determine x(g).
6
Let k(i) = i**2 - 1. Let p(x) = 3*x**2 + 2*x - 4. Let d = -18 + 22. Let v(t) = d*k(t) - p(t). What is v(4)?
8
Suppose 3 + 1 = 4*j. Let t(d) = -4*d**3 + 4*d**2 + d - 1. Let r(g) = 8*g**3 - 10*g**2 - 3*g + 3. Let v(l) = -2*r(l) - 5*t(l). Give v(j).
4
Let r(i) = i - 11. Let c(p) = 4*p - 13. Let w(v) = 4*c(v) - 5*r(v). Determine w(7).
80
Let x(q) = q + 0 + 0. Let m(b) = b**3 - 9*b**2 + b - 12. Let n = -23 - -32. Let v be m(n). Calculate x(v).
-3
Let y(a) = -a**3 + 8*a**2 + a + 2. Suppose v + 5*l = 12, l = -5*v + 39 - 3. What is y(v)?
58
Let r(b) = -b**2 - 4*b + 3. Let l be -3 + -2 - 0*2/12. Calculate r(l).
-2
Let u(w) = 8*w**2 + 12*w + 42. Let j(l) = 3*l**2 + 4*l + 15. Let c(s) = -17*j(s) + 6*u(s). What is c(4)?
-35
Let d(a) = -8*a + 4. Let r(b) = -7*b**3 - 2*b**2 - 2. Let y be r(0). Calculate d(y).
20
Suppose -23*v - 128 = 217. Let q(l) = -2*l - 25. What is q(v)?
5
Let f(a) = a**3 - 7*a**2 + 5*a + 5. Let c be f(6). Let h(y) be the second derivative of 7/20*y**5 + 1/2*y**2 + 1/6*y**3 + 4*y + 0 + 1/12*y**4. What is h(c)?
-6
Let s(q) = -q**2 + 3*q + 28. Let w(h) = h**2 - 3*h - 29. Let c(x) = 6*s(x) + 5*w(x). Let g be c(7). Let z(p) = -2 - 4*p - 2 + 0. Determine z(g).
16
Suppose 0 = 3*x - 4*q, x + q = -4*q - 19. Let m(i) = 12*i - 3*i**2 - 2*i**2 + 3 + 8*i - i**3 - 22*i. Calculate m(x).
-5
Let i(o) = 3*o**3 + o**2 - 2*o + 1. Suppose -5*s + 3*s = -2. Let q be i(s). Let t(n) = -11 + q*n**2 + 8 - n - 2*n**2. Give t(-3).
9
Let q(y) = -23*y**2 - 13 - 5 + 2*y**2 + 5*y**2 - 20 - 2*y - y**3. Determine q(-16).
-6
Let a(l) = l**3 - 2*l**2 + 2. Suppose 4*x = 5 + 3. Let t = 4 - x. What is a(t)?
2
Let o = -161 + 161. Let g = 13 - 6. Let l(k) = k - 5 + 0 + 2 - g. Give l(o).
-10
Let v(f) be the first derivative of -1/24*f**4 - 1/60*f**5 + 10/3*f**3 + 0*f**2 + 10 + 0*f. Let m(c) be the third derivative of v(c). What is m(-1)?
1
Let v(n) = 5*n**3 - n**3 + 3 - 3 + n - 2*n + 1. Calculate v(1).
4
Let x(m) = -m**2 + 4*m + 1. Let t be x(3). Suppose -57 = -3*a + 3*z, 5*a + 0*z - t*z - 93 = 0. Let l = a + -19. Let c(r) = 3*r**2. Give c(l).
12
Let u(n) = 2*n**2 - 4*n - n**3 + 11*n**2 + 8*n**2 - 8 - 14*n**2. Let v be (-68)/(-12) - (-1)/3. Let j be u(v). Let p(w) = -w**2 + 2*w + 4. Calculate p(j).
-4
Suppose -2*v = -23 + 5. Suppose 3*d + j - 9 = 0, -4*d + v*d - 5*j - 35 = 0. Let w(h) = h**3 - 3*h**2 - 5*h + 6. Determine w(d).
2
Let b = 59 - 53. Suppose b*m + 33 = -3. Let z(v) = 2*v + 7. Give z(m).
-5
Let q(y) = 2*y - 2. Suppose -1 = 2*g + 13. Let f = g + 12. Suppose 9 = -f*c - 6. What is q(c)?
-8
Let z be 385/(-44) + 8 + 33/36. Let l(f) be the second derivative of 0 + 1/2*f**2 - 2*f + 0*f**3 + z*f**4. Give l(-1).
3
Let p(q) = 9*q + 1. Let i(v) = 5*v + 37. Let m(s) = 6*s + 38. Let u(r) = -5*i(r) + 6*m(r). Let g be u(-4). What is p(g)?
-8
Let p(x) = -x**2 + 4*x - 4. Let m = 0 - 20. Let a be 2/5*m/(-8). Let w be (1 + a)*(-15)/(-6). What is p(w)?
-9
Let d(a) = 3*a**2 - a + 1. Suppose 0 = 3*i, -12*s - 2 = -11*s + 4*i. What is d(s)?
15
Let d(w) = -w + 0*w - 5 - 5 + 12. Calculate d(10).
-8
Let y(m) = -13*m + 11. Let a(n) = 11*n - 9. Let x(h) = -6*a(h) - 5*y(h). Let l = 3 + -2. Give x(l).
-2
Suppose -2*h = 3*h - 2*x - 31, -h + 3*x = -14. Let k(r) = -4 + h + 0*r + r**3 + r**2 - 3 - r. Let o(q) = -q**3 + 7*q**2 + 2*q - 12. Let n be o(7). Give k(n).
8
Let w be (-10)/65 - (-350)/(-91). Let s(x) = x**2 + 3*x + 3. Determine s(w).
7
Let w(g) = -259*g - 1302. Let c be w(-5). Let t(u) = -3*u - 7*u - 2 + 2*u - u**2. Give t(c).
5
Let k(m) = 5*m - 3. Let a(n) = 8. Let t(i) = -i - 1. Let s(l) = -a(l) - 4*t(l). Let d(v) = -3*k(v) + 4*s(v). Suppose u = 2*u - 5. Determine d(u).
-2
Let s(f) be the third derivative of 1/3*f**3 + 0*f + 0 - 1/24*f**4 - 17*f**2. Let d be -14*(-2 + 6/4). Give s(d).
-5
Let r(a) = -26*a**3 + 9 + a + 40*a**2 - 33*a**2 + 13*a**3 + 2*a + 12*a**3. Determine r(7).
30
Let q(g) = -g - 5*g**2 + 7*g**2 + 3 - 121*g**3 + 122*g**3. What is q(-3)?
-3
Let m be (-1)/2 - 1365/(-182). Let z(f) = -f**3 + 8*f**2 - 6*f + 10. Give z(m).
17
Suppose 20 = 3*o - 37. Let v = -13 + o. Let g = v + -6. Let b(u) = -u**2 + 3. What is b(g)?
3
Let c(s) = 2*s - 1. Let k(n) = -n**2 + 4*n + 7. Suppose -d - 6 - 4 = 2*q, 0 = -d + 3*q. Let a = d - -11. Let j be k(a). What is c(j)?
3
Let f(a) be the third derivative of a**6/120 - 11*a**5/60 + 3*a**4/8 - 2*a**3/3 - 34*a**2. Calculate f(10).
-14
Let t(y) = -6*y**2. Let s be -3*(1/1 + -2). Let p be (-2 - 21/(-9))*s. Give t(p).
-6
Let m be (-27)/9 + (-1 - -2). Let u(q) = -9*q**2 + 3*q - 12. Let s(l) = 18*l**2 - 5*l + 21. Let g(b) = 4*s(b) + 7*u(b). Calculate g(m).
34
Let i(w) = 2*w + 2. Let g(n) = 4*n**2 + 6*n - 4. Let d be g(-3). Let m = d - 9. What is i(m)?
12
Let m(r) = -r - 4. Suppose 49 = -3*d - 4*t, -5*d + 4*t + 0*t = 135. Let c = d + 50. Let a = c - 27. Determine m(a).
-4
Let g(t) = -t**3 - 11*t**2 - 15*t - 8. Let o(z) = -z**3 - 12*z**2 - 17*z - 8. Let v(u) = -5*g(u) + 4*o(u). What is v(-6)?
2
Let r(d) be the second derivative of 0*d**4 + 1/2*d**3 - d**2 + 13*d + 0 - 1/20*d**5. Give r(2).
-4
Let z be (-150)/125*(190/(-3) - 0). Suppose 5*f = 6 - z. Let p(i) = -i**3 - 13*i**2 + 15*i + 14. Calculate p(f).
0
Let l(d) = d**3 + 8*d**2 + d + 4. Suppose 0 = -5*c + 4*m + 30, 0 = -c + 2*m + 3*m + 27. Suppose 0 = c*k - 7 + 23. Give l(k).
-4
Let b(t) = 1 + t**3 + 4 - 5*t + 4*t**2 + 0. Let u(d) = -d**3 - 6*d**2 - 3*d + 5. Suppose -g = g + 10. Let n be u(g). Give b(n).
5
Let a = 1 - -4. Suppose -3*c - a = -z, -3*z - 5*c = 2 - 3. Let i(g) be the second derivative of -g**5/20 + g**4/12 - g**3/2 + g**2 + 55*g. What is i(z)?
-8
Suppose 0 = 8*k + 4 + 12. Let g(n) = -4*n**3 - 3*n**2 - 3*n - 3. Determine g(k).
23
Let r(n) = n**2 + n + 3. Let q be 0*1/(-5)*-1. Let b be q*((-4)/6)/(-2). Give r(b).
3
Let r(a) = a**2 + 8*a + 3. Let v(k) = -k**3 - 10*k**2 - k + 64. Let o be v(-9). What is r(o)?
3
Let d(x) = x**3 + 2*x**2 - 8*x + 2. Let j be d(-4). Let m(k) = -2*k**2 + k**3 - 22*k - 2 - 16*k - 20*k + 60*k. What is m(j)?
2
Let a(u) = -4*u**2 - 6*u - 6. Let h(j) = j**2. Let t(c) = -a(c) - 5*h(c). Determine t(8).
-10
Let i(b) be the first derivative of b**4/4 + 2*b**3 - b**2 - 8*b + 2. Suppose 8*d + 724 - 676 = 0. Give i(d).
4
Let t(r) = -7*r. Let w(h) = 15*h + 1. Let b(u) = 13*t(u) + 6*w(u). What is b(8)?
-2
Let v(k) = k**3 + k**2 + 2*k + 3. Let y(c) = 6*c**2. Let s be y(1). Let a(b) = 0*b + b**2 - 16 + 2 - 2*b + s*b. Let d be a(-6). Determine v(d).
-5
Let f(s) = 11*s + 4. Let m be f(-3). Let r = -20 - m. Suppose 2*j = r + 1. Let h(a) = a**2 - 4*a - 4. What is h(j)?
1
Let l(k) = -7*k**3 - 5*k**2 - 3*k + 5. Let d(b) = -4*b**3 - 2*b**2 - b + 3. Let u be 40/8*(-2 + 1). Let h(n) = u*d(n) + 3*l(n). Calculate h(-4).
0
Suppose 18*g = 5*g + 78. Let r(y) = y**2 - 6*y - 6. Give r(g).
-6
Suppose 0*b = 8*b - 24. Suppose b*z - 14 = -c, -2*z + 7 = -1. Let y(o) = -90 + 90 - 7*o. Determine y(c).
-14
Let q = -32 - -24. Let h be (-3 - q) + (7 - 8). Let b(i) = -h + 7*i + 5 - 9*i. What is b(-3)?
7
Let s(p) = -3*p - 1. Let h(n) = -2*n - 1. Let g(q) = -5*h(q) + 3*s(q). Let l = 197 - 195. Determine g(l).
4
Let v(h) = -4*h**2 + h + 1. Let j(y) = -5*y**2. Let r(f) = 5*j(f) - 6*v(f). Let a(c) = -8*c + 5*c + 2*c + 11*c + 6. Let m be a(-1). Calculate r(m).
2
Let p(g) = g**3 + 6*g**2 + 6*g + 3. Let c = 27 + -27. Suppose -4*r + 5*r = w + 5, c = 3*w - 5*r + 17. Determine p(w).
11
Let l = -307 + 313. Let y(u) = u**2 - 6*u - 3. Calculate y(l).
-3
Suppose 18*h - 9*h = 99. Let t(d) = -d**3 + 10*d**2 + 14*d